7 a prime number?
True
Is 446647 a prime number?
True
Is 16961 a composite number?
True
Is 2243 composite?
False
Is 8467 composite?
False
Is 38917 a composite number?
False
Is 37483 a composite number?
False
Is 277703 a composite number?
False
Is 156301 a composite number?
True
Is 22807 prime?
True
Is 18451 prime?
True
Is 362717 composite?
False
Is 2503 composite?
False
Is 52237 prime?
True
Is 145021 a composite number?
False
Is 3462541 a composite number?
True
Is 487 prime?
True
Is 364183 prime?
True
Is 2784959 a prime number?
False
Is 16349 composite?
False
Is 17813 a composite number?
True
Is 323537 composite?
False
Is 3256067 a composite number?
False
Is 3161 a composite number?
True
Is 30815 composite?
True
Is 98317 prime?
True
Is 1047 composite?
True
Is 725702 composite?
True
Is 13421 composite?
False
Is 131099 composite?
True
Is 439541 a composite number?
False
Is 259937 prime?
True
Is 200117 a composite number?
False
Is 258527 composite?
False
Is 18787 a composite number?
False
Is 8251 composite?
True
Is 3584563 a prime number?
True
Is 679771 composite?
True
Is 60485 composite?
True
Is 11179 a prime number?
False
Is 192739 prime?
False
Is 2690411 a composite number?
False
Is 209837 prime?
True
Is 1331107 a prime number?
True
Is 228223 prime?
True
Is 1137 a composite number?
True
Is 550231 a composite number?
True
Is 24317 composite?
False
Is 4350415 a composite number?
True
Is 71047 a prime number?
False
Is 52385 a prime number?
False
Is 7369 composite?
False
Is 482153 a prime number?
False
Is 13235 composite?
True
Is 905393 composite?
True
Is 905829 a prime number?
False
Is 11927 a composite number?
False
Is 347003 prime?
True
Is 20573 composite?
True
Is 164317 a prime number?
False
Is 91673 a prime number?
True
Is 90469 prime?
True
Is 53 a composite number?
False
Is 1282137 a composite number?
True
Is 3223 composite?
True
Is 9677 a composite number?
False
Is 31971 a composite number?
True
Is 13033 a composite number?
False
Is 2057587 a composite number?
True
Is 1554413 prime?
False
Is 31991 composite?
False
Is 36131 prime?
True
Is 123115 prime?
False
Is 5437 a composite number?
False
Is 138511 composite?
False
Is 335557 prime?
True
Is 1151 a prime number?
True
Is 2098 a composite number?
True
Is 214997 composite?
True
Is 36481 prime?
False
Is 29231 a composite number?
False
Is 639043 composite?
False
Is 414586 composite?
True
Is 14513 prime?
False
Is 2351 composite?
False
Is 15146 a prime number?
False
Is 35701 composite?
True
Is 50137 a composite number?
True
Is 5773 composite?
True
Is 217414 a prime number?
False
Is 837721 a composite number?
False
Is 156155 a prime number?
False
Is 130406 prime?
False
Is 22207 a composite number?
True
Is 610501 a prime number?
True
Is 36483 prime?
False
Is 2748703 a composite number?
False
Is 6583 composite?
True
Is 59333 a composite number?
False
Is 188585 prime?
False
Is 1777 prime?
True
Is 168937 a composite number?
False
Is 54493 a composite number?
False
Is 54269 prime?
True
Is 8609 composite?
False
Is 70099 composite?
False
Is 44839 composite?
False
Is 7207 composite?
False
Is 155573 composite?
True
Is 88093 prime?
True
Is 56963 prime?
True
Is 17341 composite?
False
Is 5981 a composite number?
False
Is 286453 prime?
True
Is 57569 prime?
False
Is 614437 a composite number?
False
Is 979 composite?
True
Is 150317 composite?
True
Is 676523 a composite number?
False
Is 855091 a prime number?
False
Is 76567 prime?
False
Is 1799381 a composite number?
False
Is 462662 composite?
True
Is 974455 composite?
True
Is 110023 a prime number?
True
Is 2813 composite?
True
Is 43114 a prime number?
False
Is 341533 a composite number?
True
Is 392767 a prime number?
True
Is 58831 a composite number?
False
Is 127 prime?
True
Is 89761 composite?
True
Is 14519 prime?
True
Is 222419 composite?
False
Is 276439 a prime number?
True
Is 143687 a composite number?
False
Is 3761 a composite number?
False
Is 877327 composite?
True
Is 133885 prime?
False
Is 4071797 composite?
False
Is 428833 a composite number?
False
Is 15959 composite?
False
Is 90169 a composite number?
True
Is 24623 composite?
False
Is 13111 composite?
True
Is 4909 a prime number?
True
Is 56167 a prime number?
True
Is 156811 a prime number?
False
Is 14783 composite?
False
Is 295973 a prime number?
True
Is 89591 prime?
True
Is 322843 a composite number?
True
Is 1132871 composite?
True
Is 26981 composite?
False
Is 5557 prime?
True
Is 108089 prime?
True
Is 695615 composite?
True
Is 589969 composite?
True
Is 1094159 composite?
True
Is 5252011 a composite number?
False
Is 263687 a composite number?
True
Is 169183 a prime number?
False
Is 381 a prime number?
False
Is 116463 a composite number?
True
Is 51617 a composite number?
True
Is 629431 composite?
True
Is 2996269 a composite number?
True
Is 9239 a prime number?
True
Is 213281 a composite number?
False
Is 1723 composite?
False
Is 37099 prime?
False
Is 30931 a prime number?
True
Is 78061 prime?
False
Is 2534269 a composite number?
False
Is 1461851 a prime number?
True
Is 305027 prime?
False
Is 154937 a composite number?
False
Is 154051 composite?
True
Is 34321 prime?
False
Is 669 a composite number?
True
Is 501259 composite?
True
Is 66791 a composite number?
False
Is 2459 a prime number?
True
Is 173531 a composite number?
False
Is 245671 a composite number?
False
Is 4629 composite?
True
Is 39709 composite?
False
Is 2757 prime?
False
Is 17159 composite?
False
Is 16217 a prime number?
True
Is 14659 composite?
True
Is 11015 prime?
False
Is 36973 a prime number?
True
Is 761537 prime?
False
Is 80111 a composite number?
False
Is 9 composite?
True
Is 6467 prime?
False
Is 223577 composite?
False
Is 1144927 a composite number?
True
Is 14953 a composite number?
True
Is 24673 a composite number?
True
Is 207107 prime?
False
Is 10391 a prime number?
True
Is 3659 composite?
False
Is 2683 composite?
False
Is 157903 a prime number?
False
Is 16085 prime?
False
Is 11127 composite?
True
Is 4127 a prime number?
True
Is 54898 prime?
False
Is 89294 a prime number?
False
Is 37 a composite number?
False
Is 15839 prime?
False
Is 4181 composite?
True
Is 15917 a prime number?
False
Is 209123 a prime number?
True
Is 350833 a prime number?
False
Is 279179 prime?
True
Is 277597 a composite number?
False
Is 179345 a composite number?
True
Is 137231 a composite number?
True
Is 2389 a prime number?
True
Is 1814179 a composite number?
False
Is 25013 composite?
False
Is 176951 a composite number?
False
Is 211 prime?
True
Is 38593 prime?
True
Is 113143 composite?
False
Is 2132809 prime?
False
Is 628877 a composite number?
False
Is 42191 prime?
False
Is 1393 a composite number?
True
Is 74759 a composite number?
False
Is 191 prime?
True
Is 1739 composite?
True
Is 21353 a composite number?
True
Is 809 a prime number?
True
Is 3299 prime?
True
Is 2203 composite?
False
Is 187115 composite?
True
Is 33805 composite?
True
Is 220109 a composite number?
True
Is 42863 a composite number?
False
Is 278981 a composite number?
False
Is 136201 prime?
False
Is 601729 a composite number?
True
Is 134614 composite?
True
Is 10821 composite?
True
Is 346169 a prime number?
True
Is 3251 prime?
True
Is 554503 prime?
True
Is 5381 composite?
False
Is 281901 prime?
False
Is 115589 composite?
False
Is 8198 a composite number?
True
Is 734 a composite number?
True
Is 278933 a prime number?
False
Is 23593 prime?
True
Is 6557 composite?
True
Is 2609 prime?
True
Is 10589 composite?
False
Is 42239 prime?
True
Is 70717 prime?
True
Is 42863 a prime number?
True
Is 253 a prime number?
False
Is 100622 a composite number?
True
Is 264863 composite?
True
Is 36151 prime?
True
Is 278665 a composite number?
True
Is 390301 a prime number?
False
Is 12589 a composite number?
False
Is 30346 composite?
True
Is 143971 a prime number?
True
Is 492227 composite?
False
Is 181657 a prime number?
False
Is 11851 prime?
False
Is 311123 a prime number?
True
Is 17881 prime?
True
Is 166319 composite?
False
Is 870634 prime?
False
Is 9103 composite?
False
Is 191 composite?
False
Is 522803 a prime number?
False
Is 126359 composite?
False
Is 47339 a prime number?
True
Is 63241 composite?
False
Is 251227 composite?
True
Is 161513 a composite number?
True
Is 2629 a composite number?
True
Is 176677 a compos